438378?
-378438383
In base 6, what is 24 + 55120543?
55121011
In base 2, what is -1110 + -11110101010010001101001?
-11110101010010001110111
In base 3, what is -2 + 222011220001?
222011212222
In base 7, what is -26536215 + 1?
-26536214
In base 9, what is -5524 + -20126?
-25651
In base 3, what is 12 - -220001202120200?
220001202120212
In base 3, what is 2002120 - -1220120001?
1222122121
In base 14, what is -3 - 7b1381a?
-7b1381d
In base 13, what is -184 - -4ab8?
4934
In base 16, what is -354922f - e?
-354923d
In base 2, what is 0 + -1011001010101001111011001?
-1011001010101001111011001
In base 2, what is 10011011 + -10000111010011010100?
-10000111010000111001
In base 10, what is -94365 - -902?
-93463
In base 16, what is -18c + -7c191?
-7c31d
In base 14, what is -24a5 + 21b00?
1d639
In base 13, what is b76 - 158c?
-716
In base 5, what is -312110 + -110311?
-422421
In base 16, what is 0 - b0cd26?
-b0cd26
In base 8, what is -3664001 + -637?
-3664640
In base 10, what is 60112725 - -1?
60112726
In base 5, what is -33 - 22301434?
-22302022
In base 3, what is -120020021 - 200000012?
-1020020110
In base 2, what is 101 + 1101101110000011100100001?
1101101110000011100100110
In base 6, what is 4 + 5352313?
5352321
In base 6, what is -4151513 - 35?
-4151552
In base 12, what is 6a79 - 59?
6a20
In base 2, what is 111 - 1001111110100101110?
-1001111110100100111
In base 16, what is -2 + 810ed1?
810ecf
In base 3, what is 12101011110211 + -1?
12101011110210
In base 14, what is b673a4 + -12?
b67392
In base 8, what is 20 - -3430771?
3431011
In base 8, what is 762110616 + -2?
762110614
In base 6, what is -3211020 - -1120?
-3205500
In base 4, what is 100113033021 - 0?
100113033021
In base 6, what is 302 + -1210525?
-1210223
In base 5, what is -4 + 104111020040?
104111020031
In base 4, what is 2020 + 2201303201?
2201311221
In base 16, what is -4ffe46f + 5?
-4ffe46a
In base 9, what is 6 + 270600?
270606
In base 15, what is a31e1b5 - -2?
a31e1b7
In base 12, what is -10 - -347bb0?
347ba0
In base 7, what is -25421 - -24102?
-1316
In base 7, what is 1000306 - 12131?
655145
In base 10, what is 2555 - 56285?
-53730
In base 3, what is 201121 - -110001101102?
110002010000
In base 11, what is 828 + 67?
894
In base 2, what is -1101000011010010111100001 - -10?
-1101000011010010111011111
In base 7, what is 2 - 14310353540?
-14310353535
In base 6, what is 24113322503 - 1?
24113322502
In base 10, what is -55 - 434677?
-434732
In base 10, what is 4 - -19268551?
19268555
In base 10, what is -11 + -361742?
-361753
In base 7, what is -2656040111 + -3?
-2656040114
In base 2, what is 11000111110100101001011 + -101?
11000111110100101000110
In base 10, what is -2 - 42186?
-42188
In base 9, what is -4 + 12657655?
12657651
In base 5, what is 133111000 + 14?
133111014
In base 13, what is 9a + -42327a?
-4231b0
In base 13, what is 5 + -228676?
-228671
In base 15, what is 41127 + -5b?
410bb
In base 16, what is -7e2a8 - 31?
-7e2d9
In base 11, what is -9 - 1053a53?
-1053a61
In base 8, what is 15 - -2244627?
2244644
In base 16, what is -d5ad - -8e5?
-ccc8
In base 9, what is -13353 + 2844?
-10408
In base 9, what is -504 - 8367?
-8872
In base 14, what is 0 + -119d5b3?
-119d5b3
In base 4, what is -100 + 23012231030?
23012230330
In base 9, what is 56 - -6036174?
6036241
In base 10, what is 15585 + 2167?
17752
In base 2, what is 1011100010000111 + -11000010?
1011011111000101
In base 7, what is 33415104 + 0?
33415104
In base 4, what is -2120231323202 + 2?
-2120231323200
In base 9, what is -14375420 - 25?
-14375445
In base 8, what is 14 + 17606643?
17606657
In base 11, what is -1 + 13869344?
13869343
In base 5, what is 4 - -11342100023?
11342100032
In base 10, what is -3 + 6093634?
6093631
In base 4, what is -2332323 - -132000?
-2200323
In base 7, what is -136 - 4555334?
-4555503
In base 7, what is -13 - 13320555?
-13320601
In base 5, what is 302022104 - 32?
302022022
In base 10, what is 1436014 - -331?
1436345
In base 3, what is -11 + -22211001110101200?
-22211001110101211
In base 15, what is -1898e8 - -15?
-1898d3
In base 10, what is -473 - -2470?
1997
In base 11, what is -273439 - -172?
-273277
In base 8, what is -740 + 10320740?
10320000
In base 15, what is 3878d8 + 1?
3878d9
In base 9, what is 30206747 + 2?
30206750
In base 2, what is -111100100100 - -1111001011?
-101101011001
In base 2, what is 100101011011 + -1000011101?
11100111110
In base 5, what is -431 + -3112414333?
-3112420314
In base 8, what is -4 + 125114?
125110
In base 11, what is 134 - 76237?
-76103
In base 9, what is -12 + -24650872?
-24650884
In base 15, what is -2 - 195a70?
-195a72
In base 10, what is 78 + -12678278?
-12678200
In base 13, what is -462 - -6091?
592c
In base 3, what is -121 + -21000000112012?
-21000000112210
In base 16, what is -9a2ec - -37?
-9a2b5
In base 3, what is 1 + 20122110012200?
20122110012201
In base 3, what is -12210 - 201202012?
-201221222
In base 10, what is -2912 + 97?
-2815
In base 9, what is -5 - 120618286?
-120618302
In base 13, what is -30a2 + bc0b?
8b39
In base 10, what is -1900153 - -1?
-1900152
In base 5, what is -104002004204 + 10?
-104002004144
In base 5, what is 13213000 - -32?
13213032
In base 7, what is 415614 + 1155?
420102
In base 8, what is -104400552 + 2?
-104400550
In base 9, what is 432 - 1156422?
-1155880
In base 6, what is 4 + 12150344250?
12150344254
In base 4, what is 220020333320 + -100?
220020333220
In base 8, what is -155 + -1123151?
-1123326
In base 2, what is 100001000111001101010001100 - 10?
100001000111001101010001010
In base 3, what is 1 - 201111222120100?
-201111222120022
In base 10, what is -13828631 - 18?
-13828649
In base 15, what is -1 + 8116c0?
8116be
In base 9, what is 5 + -2734755?
-2734750
In base 9, what is 236540321 - -4?
236540325
In base 12, what is -461a - -1a110?
156b2
In base 11, what is 4 + 12630763?
12630767
In base 11, what is 1062 - -1513?
2575
In base 4, what is 3 - 1331020002003?
-1331020002000
In base 9, what is -17 - 21635208?
-21635226
In base 14, what is -1254a644 - 0?
-1254a644
In base 11, what is 2 + -66959798?
-66959796
In base 3, what is 11022002110211 + -10?
11022002110201
In base 13, what is -c9b3 + -522?
-10205
In base 5, what is 12 - 1101422103?
-1101422041
In base 4, what is 33231210233 + 1302?
33231212201
In base 10, what is -2 - -936872?
936870
In base 3, what is -1000010112020 - 100202?
-1000010212222
In base 7, what is 44 - 15635462?
-15635415
In base 6, what is 0 + -133533250?
-133533250
In base 6, what is -424344 + 41251?
-343053
In base 6, what is 110213020 - 4?
110213012
In base 8, what is 62 - 5656?
-5574
In base 2, what is 1010001111101111001 - -11000?
1010001111110010001
In base 12, what is -6a419 - 276?
-6a693
In base 13, what is 52148 + 68?
521b3
In base 7, what is 40651 + -3000?
34651
In base 4, what is 220000230 - -2303000?
222303230
In base 8, what is 21313 - 5634?
13457
In base 8, what is 2070 - -36051?
40141
In base 7, what is -15514023 + -651?
-15515004
In base 16, what is -2 + 1bc339?
1bc337
In base 10, what is 11 + 31309743?
31309754
In base 12, what is 4995708 - 4?
4995704
In base 11, what is 58a + -207975?
-207396
In base 6, what is -2 - -140100443?
140100441
In base 9, what is 0 - -1384400?
1384400
In base 2, what is -111101001101111111110001 + 100101?
-111101001101111111001100
In base 12, what is -2b1a1 - -3911?
-27490
In base 12, what is 4 + 7812b1?
7812b5
In base 7, what is 0 + 32134101?
32134101
In base 8, what is 1760 + -4050175?
-4046215
In base 14, what is a2 + -ca00?
-c93c
In base 13, what is -7 - 2cc4141?
-2cc4148
In base 11, what is 79 + -246321?
-246253
In base 12, what is 42336 - -b6?
42430
In base 5, what is -414102 + -241004?
-1210111
In base 9, what is 5850 - -105077?
112037
In base 3, what is -121201 - -1022102122012?
1022102000111
In base 3, what is -221212002100 + 120?
-221212001210
In base 9, what is -1330 - -46?
-1273
In base 8, what is 1141 + -167514?
-166353
In base 12, what is 0 + -283808?
-283808
In base 7, what is 2 - -116144611?
116144613
In base 3, what is -21210102 - 110100010?
-202010112
In base 14, what is -7a53db - 3?
-7a5400
In base 13, what is 39132 + -b2?
39050
In base 7, what is 34556106 + -2?
34556104
In base 5, what is 10103433043 + 44?
10103433142
In base 2, what is 1011 - -1001